ainder when 102241 is divided by 72?
1
Calculate the remainder when 511 is divided by 153.
52
Calculate the remainder when 204818 is divided by 308.
306
What is the remainder when 226413 is divided by 106?
103
Calculate the remainder when 294945 is divided by 17.
12
What is the remainder when 4743 is divided by 206?
5
What is the remainder when 14731 is divided by 268?
259
Calculate the remainder when 219778 is divided by 495.
493
Calculate the remainder when 2455 is divided by 31.
6
What is the remainder when 239951 is divided by 35?
26
What is the remainder when 501620 is divided by 22?
20
Calculate the remainder when 14020 is divided by 126.
34
Calculate the remainder when 52687 is divided by 13171.
3
What is the remainder when 15496 is divided by 905?
111
What is the remainder when 25884 is divided by 204?
180
What is the remainder when 95768 is divided by 17?
7
Calculate the remainder when 126331 is divided by 58.
7
Calculate the remainder when 6392 is divided by 1060.
32
What is the remainder when 11181 is divided by 329?
324
Calculate the remainder when 7534 is divided by 26.
20
Calculate the remainder when 41105 is divided by 71.
67
Calculate the remainder when 8445 is divided by 2108.
13
Calculate the remainder when 1510716 is divided by 54.
12
What is the remainder when 2288 is divided by 450?
38
What is the remainder when 43320 is divided by 138?
126
Calculate the remainder when 6629 is divided by 11.
7
Calculate the remainder when 22018 is divided by 61.
58
Calculate the remainder when 7393 is divided by 738.
13
What is the remainder when 5187 is divided by 231?
105
What is the remainder when 136443 is divided by 22?
21
Calculate the remainder when 180023 is divided by 52.
51
What is the remainder when 262106 is divided by 644?
642
Calculate the remainder when 341 is divided by 40.
21
Calculate the remainder when 26849 is divided by 958.
25
What is the remainder when 60289 is divided by 7?
5
Calculate the remainder when 23204 is divided by 527.
16
What is the remainder when 3806 is divided by 273?
257
What is the remainder when 17769 is divided by 5922?
3
Calculate the remainder when 2427 is divided by 15.
12
What is the remainder when 184943 is divided by 20545?
38
Calculate the remainder when 2086 is divided by 1748.
338
What is the remainder when 5328 is divided by 190?
8
What is the remainder when 6061 is divided by 206?
87
Calculate the remainder when 55378 is divided by 18457.
7
What is the remainder when 178442 is divided by 89216?
10
Calculate the remainder when 325109 is divided by 156.
5
Calculate the remainder when 3114 is divided by 259.
6
Calculate the remainder when 36317 is divided by 5179.
64
What is the remainder when 382 is divided by 321?
61
What is the remainder when 4690 is divided by 474?
424
Calculate the remainder when 3752 is divided by 3725.
27
What is the remainder when 12210 is divided by 297?
33
What is the remainder when 2395 is divided by 112?
43
What is the remainder when 33494 is divided by 16732?
30
What is the remainder when 2675 is divided by 1071?
533
Calculate the remainder when 24340 is divided by 1621.
25
Calculate the remainder when 53095 is divided by 100.
95
Calculate the remainder when 250579 is divided by 349.
346
What is the remainder when 7947 is divided by 25?
22
What is the remainder when 629583 is divided by 33?
9
What is the remainder when 77523 is divided by 22?
17
Calculate the remainder when 43859 is divided by 20.
19
Calculate the remainder when 33225 is divided by 39.
36
What is the remainder when 24961 is divided by 24949?
12
What is the remainder when 138250 is divided by 43?
5
Calculate the remainder when 35826 is divided by 1990.
6
What is the remainder when 1695 is divided by 534?
93
What is the remainder when 6478 is divided by 6472?
6
What is the remainder when 4247 is divided by 247?
48
Calculate the remainder when 4736 is divided by 237.
233
Calculate the remainder when 220697 is divided by 134.
133
What is the remainder when 648739 is divided by 158?
149
What is the remainder when 79686 is divided by 79665?
21
Calculate the remainder when 18625 is divided by 1239.
40
What is the remainder when 146678 is divided by 522?
518
Calculate the remainder when 140236 is divided by 667.
166
Calculate the remainder when 48673 is divided by 33.
31
Calculate the remainder when 45967 is divided by 104.
103
What is the remainder when 3381 is divided by 285?
246
Calculate the remainder when 1908 is divided by 94.
28
What is the remainder when 168664 is divided by 305?
304
What is the remainder when 74089 is divided by 419?
345
Calculate the remainder when 22061 is divided by 39.
26
What is the remainder when 2204 is divided by 308?
48
Calculate the remainder when 3231 is divided by 205.
156
Calculate the remainder when 16771122 is divided by 124.
122
Calculate the remainder when 62321 is divided by 282.
281
Calculate the remainder when 22194 is divided by 31.
29
What is the remainder when 73564 is divided by 32?
28
Calculate the remainder when 5059 is divided by 158.
3
What is the remainder when 265 is divided by 190?
75
What is the remainder when 1028 is divided by 1000?
28
Calculate the remainder when 22559 is divided by 13.
4
What is the remainder when 9298 is divided by 351?
172
Calculate the remainder when 442637 is divided by 43.
38
What is the remainder when 17079 is divided by 147?
27
What is the remainder when 364 is divided by 194?
170
What is the remainder when 59454 is divided by 792?
54
What is the remainder when 141766 is divided by 141722?
44
Calculate the remainder when 117244 is divided by 228.
52
What is the remainder when 936 is divided by 935?
1
Calculate the remainder when 12964 is divided by 3232.
36
Calculate the remainder when 7932 is divided by 378.
372
Calculate the remainder when 36706 is divided by 19.
17
What is the remainder when 3320134 is divided by 1026?
1024
What is the remainder when 57757 is divided by 128?
29
What is the remainder when 23663 is divided by 9?
2
Calculate the remainder when 918 is divided by 299.
21
What is the remainder when 6288 is divided by 218?
184
What is the remainder when 3231 is divided by 751?
227
Calculate the remainder when 204196 is divided by 215.
161
What is the remainder when 560 is divided by 136?
16
Calculate the remainder when 67654 is divided by 42.
34
Calculate the remainder when 10569 is divided by 65.
39
What is the remainder when 34090 is divided by 17004?
82
What is the remainder when 211 is divided by 34?
7
Calculate the remainder when 275833 is divided by 111.
109
What is the remainder when 6665878 is divided by 130?
128
What is the remainder when 711847 is divided by 7?
3
Calculate the remainder when 1269686 is divided by 423224.
14
Calculate the remainder when 6117 is divided by 1029.
972
What is the remainder when 184461 is divided by 130?
121
What is the remainder when 26088 is divided by 6519?
12
Calculate the remainder when 823 is divided by 4.
3
What is the remainder when 28729 is divided by 40?
9
What is the remainder when 331453 is divided by 206?
205
Calculate the remainder when 15320 is divided by 267.
101
Calculate the remainder when 25395 is divided by 105.
90
Calculate the remainder when 17979 is divided by 86.
5
Calculate the remainder when 213 is divided by 173.
40
Calculate the remainder when 60061 is divided by 30.
1
What is the remainder when 548 is divided by 318?
230
Calculate the remainder when 1165383 is divided by 779.
778
What is the remainder when 67979 is divided by 6797?
9
Calculate the remainder when 6844 is divided by 167.
164
What is the remainder when 220 is divided by 196?
24
Calculate the remainder when 24814 is divided by 749.
97
What is the remainder when 5345 is divided by 1332?
17
Calculate the remainder when 127879 is divided by 72.
7
Calculate the remainder when 12059 is divided by 6018.
23
What is the remainder when 574127 is divided by 287057?
13
What is the remainder when 30170 is divided by 26?
10
What is the remainder when 65440 is divided by 303?
295
Calculate the remainder when 1476 is divided by 875.
601
What is the remainder when 39529 is divided by 134?
133
Calculate the remainder when 759 is divided by 415.
344
What is the remainder when 5707 is divi